highest common factor of 1124 and 3.
1
What is the greatest common divisor of 115 and 391?
23
Calculate the highest common factor of 52 and 91.
13
Calculate the highest common factor of 3120 and 1092.
156
Calculate the greatest common factor of 30 and 510.
30
Calculate the greatest common divisor of 552 and 12351.
69
Calculate the greatest common factor of 31230 and 90.
90
What is the greatest common divisor of 567 and 2187?
81
Calculate the highest common divisor of 100 and 6350.
50
What is the greatest common factor of 445 and 979?
89
What is the greatest common factor of 370 and 10?
10
Calculate the greatest common divisor of 410 and 574.
82
Calculate the greatest common divisor of 20 and 540.
20
What is the greatest common factor of 17758 and 52?
26
Calculate the greatest common divisor of 20736 and 324.
324
What is the greatest common factor of 72 and 8292?
12
Calculate the greatest common factor of 15 and 445.
5
What is the highest common factor of 416 and 13?
13
What is the greatest common factor of 533 and 2624?
41
Calculate the highest common divisor of 125 and 5.
5
What is the highest common divisor of 1813 and 74?
37
What is the greatest common factor of 45 and 81?
9
Calculate the greatest common factor of 12 and 2292.
12
What is the greatest common divisor of 16 and 512?
16
Calculate the highest common divisor of 920 and 4370.
230
Calculate the greatest common divisor of 960 and 15.
15
Calculate the greatest common divisor of 72 and 6144.
24
What is the highest common divisor of 7009 and 326?
163
What is the highest common factor of 402 and 6?
6
What is the greatest common factor of 58 and 928?
58
What is the highest common divisor of 760 and 100?
20
What is the highest common divisor of 372 and 8?
4
Calculate the greatest common factor of 748 and 204.
68
Calculate the highest common divisor of 3629 and 1146.
191
What is the highest common factor of 49 and 2597?
49
Calculate the highest common factor of 33 and 44.
11
Calculate the greatest common factor of 36 and 5094.
18
Calculate the greatest common factor of 13 and 65.
13
What is the highest common factor of 88 and 56?
8
Calculate the highest common divisor of 9 and 16623.
9
Calculate the greatest common factor of 9801 and 66.
33
What is the highest common divisor of 50 and 10?
10
What is the greatest common divisor of 1530 and 450?
90
What is the greatest common divisor of 8201 and 139?
139
Calculate the highest common factor of 1691 and 171.
19
Calculate the highest common factor of 2 and 934.
2
What is the highest common factor of 13 and 24323?
13
Calculate the greatest common factor of 10 and 430.
10
Calculate the greatest common divisor of 96 and 2544.
48
What is the highest common divisor of 198 and 550?
22
What is the highest common factor of 34 and 119?
17
What is the greatest common factor of 1175 and 400?
25
Calculate the highest common factor of 100 and 90.
10
Calculate the greatest common divisor of 120 and 10960.
40
What is the greatest common factor of 6052 and 68?
68
Calculate the highest common factor of 4758 and 78.
78
Calculate the highest common divisor of 5415 and 19.
19
What is the highest common factor of 60 and 210?
30
Calculate the greatest common divisor of 10 and 530.
10
What is the greatest common divisor of 20 and 13080?
20
Calculate the highest common factor of 875 and 500.
125
What is the greatest common factor of 35462 and 34?
34
What is the highest common divisor of 23 and 207?
23
Calculate the highest common divisor of 125 and 10.
5
Calculate the highest common factor of 3780 and 798.
42
Calculate the greatest common factor of 388 and 7178.
194
What is the highest common factor of 53 and 265?
53
What is the highest common divisor of 1162 and 42?
14
What is the highest common divisor of 3010 and 35?
35
Calculate the greatest common divisor of 144 and 2664.
72
Calculate the greatest common divisor of 147 and 12201.
147
Calculate the greatest common factor of 442 and 136.
34
Calculate the highest common divisor of 35 and 15.
5
What is the highest common divisor of 34 and 19414?
34
What is the highest common factor of 162 and 12?
6
Calculate the highest common factor of 8268 and 60.
12
What is the highest common divisor of 3629 and 19?
19
Calculate the highest common divisor of 120 and 570.
30
What is the greatest common factor of 34 and 3961?
17
Calculate the greatest common divisor of 52 and 650.
26
Calculate the highest common divisor of 375 and 105.
15
What is the highest common factor of 12412 and 58?
58
Calculate the highest common divisor of 2938 and 52.
26
Calculate the greatest common factor of 1243 and 113.
113
What is the highest common divisor of 19 and 76?
19
What is the greatest common factor of 25 and 20?
5
Calculate the greatest common divisor of 77 and 10164.
77
Calculate the greatest common divisor of 171 and 3249.
171
What is the highest common divisor of 68 and 544?
68
Calculate the highest common factor of 80 and 560.
80
Calculate the highest common divisor of 1408 and 6.
2
What is the highest common divisor of 576 and 7992?
72
What is the greatest common factor of 913 and 44?
11
Calculate the greatest common factor of 4641 and 39.
39
What is the highest common factor of 152 and 38?
38
Calculate the highest common factor of 10386 and 18.
18
What is the highest common divisor of 17 and 1207?
17
Calculate the greatest common divisor of 153 and 6817.
17
Calculate the greatest common divisor of 20 and 700.
20
What is the greatest common divisor of 44 and 1342?
22
What is the highest common factor of 72 and 8?
8
What is the highest common divisor of 464 and 112?
16
Calculate the greatest common factor of 86 and 10.
2
What is the greatest common factor of 760 and 200?
40
Calculate the highest common divisor of 1 and 214.
1
What is the highest common factor of 7155 and 270?
135
What is the highest common divisor of 833 and 17?
17
Calculate the highest common divisor of 14 and 2422.
14
What is the greatest common divisor of 3 and 2?
1
What is the highest common divisor of 10 and 3?
1
What is the highest common divisor of 17970 and 6?
6
What is the highest common divisor of 905 and 5?
5
Calculate the greatest common factor of 3068 and 354.
118
What is the highest common factor of 76 and 8?
4
Calculate the greatest common divisor of 2993 and 73.
73
What is the highest common divisor of 68 and 3298?
34
Calculate the greatest common factor of 42 and 105.
21
Calculate the greatest common divisor of 60 and 312.
12
What is the greatest common factor of 12 and 12?
12
What is the highest common divisor of 410 and 3362?
82
Calculate the highest common divisor of 270 and 120.
30
What is the greatest common factor of 21 and 3738?
21
Calculate the greatest common factor of 261 and 9.
9
What is the greatest common divisor of 518 and 666?
74
What is the greatest common divisor of 923 and 13?
13
Calculate the highest common factor of 2249 and 52.
13
Calculate the highest common factor of 4 and 1756.
4
Calculate the highest common divisor of 2166 and 741.
57
Calculate the highest common divisor of 21 and 210.
21
What is the greatest common factor of 3198 and 13?
13
What is the greatest common factor of 63 and 693?
63
Calculate the highest common divisor of 9 and 2.
1
Calculate the greatest common factor of 297 and 27.
27
What is the highest common divisor of 418 and 154?
22
What is the greatest common divisor of 28 and 644?
28
What is the highest common factor of 2 and 5062?
2
Calculate the greatest common factor of 148 and 19055.
37
Calculate the greatest common factor of 20 and 3380.
20
Calculate the greatest common divisor of 1058 and 1978.
46
What is the highest common factor of 143 and 165?
11
Calculate the highest common factor of 6 and 39.
3
What is the highest common factor of 228 and 171?
57
Calculate the highest common factor of 15 and 6.
3
What is the greatest common factor of 396 and 612?
36
Calculate the highest common factor of 4264 and 104.
104
What is the greatest common factor of 134007 and 57?
57
Calculate the highest common divisor of 20262 and 66.
66
What is the greatest common divisor of 1276 and 88?
44
Calculate the greatest common factor of 602 and 168.
14
Calculate the greatest common divisor of 184 and 207.
23
What is the gr